 is divided by 739?
589
What is the remainder when 1970315 is divided by 24627?
155
Calculate the remainder when 6066758 is divided by 169.
165
What is the remainder when 33446 is divided by 6655?
171
Calculate the remainder when 112647 is divided by 112631.
16
Calculate the remainder when 67844 is divided by 33346.
1152
What is the remainder when 74995281 is divided by 98?
95
What is the remainder when 115746 is divided by 57777?
192
What is the remainder when 869363 is divided by 289224?
1691
Calculate the remainder when 618574 is divided by 73.
45
Calculate the remainder when 8513524 is divided by 459.
451
What is the remainder when 696167 is divided by 44?
43
What is the remainder when 585001 is divided by 17727?
10
What is the remainder when 3301099 is divided by 90?
79
What is the remainder when 6401029 is divided by 84?
61
What is the remainder when 882691 is divided by 176535?
16
What is the remainder when 17771 is divided by 1510?
1161
What is the remainder when 123767289 is divided by 1475?
39
What is the remainder when 3517396 is divided by 5710?
36
What is the remainder when 468021 is divided by 1141?
211
Calculate the remainder when 1222323 is divided by 47012.
11
Calculate the remainder when 8575798 is divided by 6.
4
Calculate the remainder when 1149434 is divided by 57.
29
What is the remainder when 1156339 is divided by 1275?
1189
Calculate the remainder when 507489 is divided by 666.
663
Calculate the remainder when 2241855 is divided by 323.
235
What is the remainder when 13708953 is divided by 38?
35
What is the remainder when 1211982 is divided by 302995?
2
Calculate the remainder when 2280 is divided by 436.
100
Calculate the remainder when 34374740 is divided by 714.
638
What is the remainder when 4125763 is divided by 422?
291
Calculate the remainder when 261584 is divided by 4007.
1129
What is the remainder when 99648 is divided by 32341?
2625
What is the remainder when 44710 is divided by 6149?
1667
Calculate the remainder when 218282 is divided by 1070.
2
What is the remainder when 6204096 is divided by 89?
84
What is the remainder when 30353427 is divided by 595165?
12
Calculate the remainder when 11031633 is divided by 11031532.
101
What is the remainder when 7330536 is divided by 1191?
1122
What is the remainder when 29522045 is divided by 321?
317
What is the remainder when 2499266 is divided by 367?
363
Calculate the remainder when 78981 is divided by 78589.
392
Calculate the remainder when 17497978 is divided by 48.
10
What is the remainder when 341775 is divided by 10671?
303
What is the remainder when 6927757 is divided by 3463875?
7
What is the remainder when 28582 is divided by 1464?
766
What is the remainder when 6129574 is divided by 1532391?
10
Calculate the remainder when 153428 is divided by 3120.
548
What is the remainder when 25589167 is divided by 511783?
17
What is the remainder when 14660700 is divided by 583?
582
What is the remainder when 38402621 is divided by 12800856?
53
What is the remainder when 43768414 is divided by 3010?
4
What is the remainder when 4677447 is divided by 1169352?
39
Calculate the remainder when 34951 is divided by 1176.
847
What is the remainder when 11880765 is divided by 306?
9
Calculate the remainder when 1133146 is divided by 607.
484
Calculate the remainder when 547416 is divided by 1992.
1608
Calculate the remainder when 68167589 is divided by 7574176.
5
What is the remainder when 674657 is divided by 1848?
137
Calculate the remainder when 23120223 is divided by 3302888.
7
Calculate the remainder when 165787 is divided by 8723.
50
What is the remainder when 7037626 is divided by 2977?
2975
What is the remainder when 1000287 is divided by 166?
137
Calculate the remainder when 79774465 is divided by 243.
238
What is the remainder when 154995 is divided by 14069?
236
Calculate the remainder when 1127620 is divided by 40271.
32
Calculate the remainder when 8430753 is divided by 2014.
149
Calculate the remainder when 656885 is divided by 131317.
300
What is the remainder when 10722321 is divided by 1993?
1974
Calculate the remainder when 28666 is divided by 404.
386
What is the remainder when 484190 is divided by 14648?
806
Calculate the remainder when 213047 is divided by 802.
517
Calculate the remainder when 111908 is divided by 632.
44
What is the remainder when 612326 is divided by 15?
11
Calculate the remainder when 4741008 is divided by 115634.
14
What is the remainder when 1856116030 is divided by 17?
15
Calculate the remainder when 2043730 is divided by 2043683.
47
What is the remainder when 492526 is divided by 5522?
1068
What is the remainder when 1078584 is divided by 76?
68
Calculate the remainder when 96416 is divided by 336.
320
Calculate the remainder when 561329 is divided by 111.
2
What is the remainder when 607699 is divided by 7100?
4199
Calculate the remainder when 22871144 is divided by 1313.
1310
Calculate the remainder when 12559451 is divided by 94.
17
What is the remainder when 1077419 is divided by 40?
19
What is the remainder when 844554181 is divided by 314?
313
What is the remainder when 164026 is divided by 163833?
193
What is the remainder when 73561048 is divided by 7356103?
18
Calculate the remainder when 3439167 is divided by 3439142.
25
What is the remainder when 48401340 is divided by 41?
20
Calculate the remainder when 423788 is divided by 7857.
7367
Calculate the remainder when 1093915 is divided by 273462.
67
What is the remainder when 1821910 is divided by 952?
734
What is the remainder when 1615896 is divided by 201985?
16
What is the remainder when 36636 is divided by 663?
171
Calculate the remainder when 953097 is divided by 10586.
357
Calculate the remainder when 2435335 is divided by 732.
703
Calculate the remainder when 83256 is divided by 3060.
636
Calculate the remainder when 73958747 is divided by 431.
9
Calculate the remainder when 24407779 is divided by 542395.
4
What is the remainder when 2044809 is divided by 965?
939
Calculate the remainder when 338383 is divided by 8096.
6447
Calculate the remainder when 19668 is divided by 2143.
381
What is the remainder when 1262970 is divided by 631463?
44
Calculate the remainder when 348521128 is divided by 435.
433
What is the remainder when 3593201 is divided by 274?
239
Calculate the remainder when 24947155 is divided by 40.
35
Calculate the remainder when 1681868 is divided by 40044.
20
What is the remainder when 858846 is divided by 171755?
71
Calculate the remainder when 116322 is divided by 3156.
2706
Calculate the remainder when 287143 is divided by 481.
467
Calculate the remainder when 39007689 is divided by 20.
9
What is the remainder when 2718594 is divided by 10?
4
What is the remainder when 30710255 is divided by 307102?
55
What is the remainder when 1381265 is divided by 3774?
3755
Calculate the remainder when 243103 is divided by 463.
28
Calculate the remainder when 3836904 is divided by 2114.
2108
What is the remainder when 207843 is divided by 521?
485
Calculate the remainder when 467850 is divided by 155937.
39
What is the remainder when 64035803 is divided by 16008950?
3
What is the remainder when 3107663 is divided by 4925?
4913
Calculate the remainder when 893935 is divided by 297973.
16
What is the remainder when 162290 is divided by 81125?
40
Calculate the remainder when 9609000 is divided by 300280.
40
Calculate the remainder when 7165659 is divided by 6.
3
What is the remainder when 10902163 is divided by 19?
1
Calculate the remainder when 5728114 is divided by 661.
549
Calculate the remainder when 435325333 is divided by 556682.
9
Calculate the remainder when 1035064 is divided by 103506.
4
Calculate the remainder when 33173100 is divided by 3930.
3900
What is the remainder when 292303872 is divided by 146151930?
12
Calculate the remainder when 5753646 is divided by 753.
726
What is the remainder when 146929 is divided by 12183?
733
Calculate the remainder when 901986 is divided by 4902.
18
Calculate the remainder when 10458392 is divided by 613.
612
Calculate the remainder when 56041342 is divided by 12279.
12265
Calculate the remainder when 246709 is divided by 61647.
121
Calculate the remainder when 632906 is divided by 105251.
1400
What is the 